 44554113?
4
What is the ten millions digit of 654181781?
5
What is the units digit of 15678311?
1
What is the tens digit of 1818378201?
0
What is the ten millions digit of 189791280?
8
What is the millions digit of 3168559669?
8
What is the hundred millions digit of 3493385178?
4
What is the units digit of 55201264?
4
What is the billions digit of 1558679982?
1
What is the ten millions digit of 114409383?
1
What is the hundreds digit of 73921264?
2
What is the units digit of 26376426?
6
What is the tens digit of 5000378155?
5
What is the hundred thousands digit of 274783485?
7
What is the hundred thousands digit of 244531608?
5
What is the thousands digit of 1297557961?
7
What is the units digit of 400765101?
1
What is the tens digit of 61869683?
8
What is the ten millions digit of 11004697?
1
What is the millions digit of 5373095200?
3
What is the hundred thousands digit of 116486649?
4
What is the ten thousands digit of 31211808?
1
What is the ten thousands digit of 756624221?
2
What is the tens digit of 786047231?
3
What is the hundreds digit of 364917499?
4
What is the hundred thousands digit of 2167003582?
0
What is the units digit of 139582171?
1
What is the units digit of 89955974?
4
What is the hundred thousands digit of 1358181181?
1
What is the units digit of 2466866478?
8
What is the thousands digit of 445316924?
6
What is the units digit of 386202043?
3
What is the ten millions digit of 46861409?
4
What is the hundreds digit of 395432316?
3
What is the tens digit of 5314732940?
4
What is the thousands digit of 350939758?
9
What is the thousands digit of 62573689?
3
What is the ten thousands digit of 21797435?
9
What is the units digit of 90953158?
8
What is the hundred millions digit of 860568175?
8
What is the ten thousands digit of 221198310?
9
What is the ten thousands digit of 3455515289?
1
What is the ten thousands digit of 9150579?
5
What is the ten thousands digit of 480491236?
9
What is the ten millions digit of 5143321545?
4
What is the hundreds digit of 227720127?
1
What is the units digit of 4657066613?
3
What is the millions digit of 20654901?
0
What is the thousands digit of 835073085?
3
What is the hundreds digit of 43831996?
9
What is the hundred millions digit of 1357442413?
3
What is the hundreds digit of 865329483?
4
What is the millions digit of 30793352?
0
What is the units digit of 794093106?
6
What is the units digit of 2599680315?
5
What is the hundred thousands digit of 302514673?
5
What is the thousands digit of 507008198?
8
What is the hundreds digit of 177262772?
7
What is the hundred thousands digit of 2338080489?
0
What is the hundred millions digit of 2618017682?
6
What is the tens digit of 1118327699?
9
What is the hundreds digit of 16701179?
1
What is the units digit of 36473101?
1
What is the millions digit of 6021884781?
1
What is the ten thousands digit of 649099759?
9
What is the tens digit of 1152537051?
5
What is the thousands digit of 2397419150?
9
What is the tens digit of 362447653?
5
What is the hundred thousands digit of 42962659?
9
What is the ten thousands digit of 82605800?
0
What is the hundred thousands digit of 911723979?
7
What is the tens digit of 442381664?
6
What is the millions digit of 222415263?
2
What is the ten millions digit of 225103265?
2
What is the hundred thousands digit of 299141707?
1
What is the thousands digit of 26947934?
7
What is the thousands digit of 544379073?
9
What is the tens digit of 6629341?
4
What is the units digit of 332472215?
5
What is the hundred thousands digit of 93752676?
7
What is the hundred thousands digit of 56922917?
9
What is the ten millions digit of 4162650430?
6
What is the hundreds digit of 217754508?
5
What is the ten millions digit of 554505513?
5
What is the ten millions digit of 226810728?
2
What is the hundred millions digit of 734335074?
7
What is the billions digit of 2331584693?
2
What is the billions digit of 1393198899?
1
What is the hundreds digit of 14354063?
0
What is the billions digit of 1194798556?
1
What is the thousands digit of 220365424?
5
What is the thousands digit of 2591326?
1
What is the hundred millions digit of 211096970?
2
What is the units digit of 924592698?
8
What is the units digit of 48133634?
4
What is the ten millions digit of 5080718892?
8
What is the ten millions digit of 426333478?
2
What is the hundred thousands digit of 233603367?
6
What is the ten thousands digit of 43277911?
7
What is the tens digit of 3723722418?
1
What is the ten millions digit of 299204878?
9
What is the units digit of 96823437?
7
What is the tens digit of 55265726?
2
What is the hundred millions digit of 5295331990?
2
What is the millions digit of 276701046?
6
What is the units digit of 155976694?
4
What is the thousands digit of 88356679?
6
What is the hundreds digit of 51576050?
0
What is the tens digit of 5241437988?
8
What is the millions digit of 1251404248?
1
What is the tens digit of 25421542?
4
What is the hundreds digit of 81381632?
6
What is the hundreds digit of 64792469?
4
What is the ten millions digit of 50812858?
5
What is the hundreds digit of 1250328550?
5
What is the thousands digit of 265757688?
7
What is the thousands digit of 181084185?
4
What is the thousands digit of 2896979896?
9
What is the tens digit of 153766898?
9
What is the hundreds digit of 587671434?
4
What is the thousands digit of 69304825?
4
What is the units digit of 4102828903?
3
What is the ten millions digit of 218047483?
1
What is the tens digit of 99645667?
6
What is the tens digit of 2458039840?
4
What is the ten millions digit of 1050140023?
5
What is the units digit of 53560617?
7
What is the billions digit of 2428354247?
2
What is the ten millions digit of 303844672?
0
What is the ten thousands digit of 280785719?
8
What is the millions digit of 71542126?
1
What is the ten thousands digit of 4450921?
5
What is the thousands digit of 1916398142?
8
What is the thousands digit of 371996756?
6
What is the hundred thousands digit of 304484139?
4
What is the tens digit of 35307012?
1
What is the ten millions digit of 2060341129?
6
What is the ten millions digit of 55802237?
5
What is the millions digit of 16857650?
6
What is the hundred thousands digit of 203722161?
7
What is the hundred millions digit of 378626996?
3
What is the units digit of 35830207?
7
What is the hundreds digit of 726205200?
2
What is the ten thousands digit of 51265624?
6
What is the hundred thousands digit of 39763519?
7
What is the hundred thousands digit of 171032219?
0
What is the hundred thousands digit of 72199343?
1
What is the hundreds digit of 49282746?
7
What is the thousands digit of 532454769?
4
What is the ten millions digit of 171037387?
7
What is the millions digit of 329015178?
9
What is the millions digit of 16667789?
6
What is the hundred thousands digit of 174554500?
5
What is the millions digit of 160789482?
0
What is the hundred thousands digit of 32146015?
1
What is the units digit of 57641615?
5
What is the hundreds digit of 2342759925?
9
What is the units digit of 29333380?
0
What is the millions digit of 15804616?
5
What is the tens digit of 38959033?
3
What is the hundred thousands digit of 474188440?
1
What is the units digit of 2048034?
4
What is the units digit of 3956454484?
4
What is the ten thousands digit of 1275859534?
5
What is the ten thousands digit of 72813023?
1
What is the hundreds digit of 240660589?
5
What is the hundreds digit of 1040132406?
4
What is the tens digit of 322501710?
1
What is the hundred thousands digit of 25995318?
9
What is the units digit of 1383548287?
7
What is the hundreds digit of 103157445?
4
What is the billions digit of 3222093267?
3
What is the thousands digit of 1794624379?
4
What is the hundreds digit of 110986866?
8
What is the hundred thousands digit of 75208951?
2
What is the thousands digit of 1302809310?
9
What is the millions digit of 23070831?
3
What is the thousands digit of 20804790?
4
What is the hundreds digit of 263281206?
2
What is the thousands digit of 5155455?
5
What is the ten thousands digit of 63928214?
2
What is the tens digit of 3150365011?
1
What is the units digit of 98156786?
6
What is the ten millions digit of 31152802?
3
What is the hundreds digit of 510104416?
4